{"id":9040,"date":"2025-04-28T18:05:58","date_gmt":"2025-04-28T18:05:58","guid":{"rendered":"https:\/\/kwiaciarniaklara.pl\/?post_type=product&#038;p=9040"},"modified":"2025-04-28T18:34:37","modified_gmt":"2025-04-28T18:34:37","slug":"wieniec-stojacy-wielokwiatowy-wieniec-pamieci","status":"publish","type":"product","link":"https:\/\/kwiaciarniaklara.pl\/index.php\/produkt\/wieniec-stojacy-wielokwiatowy-wieniec-pamieci\/","title":{"rendered":"Wieniec stoj\u0105cy wielokwiatowy Wieniec Pami\u0119ci"},"content":{"rendered":"\n<section class=\"wp-block-group jcws-product-desc-section has-global-padding is-layout-constrained wp-block-group-is-layout-constrained\">\n<div class=\"wp-block-group jcws-product-desc-section-inner has-global-padding is-layout-constrained wp-container-core-group-is-layout-481dc8fc wp-block-group-is-layout-constrained\" style=\"margin-top:0;margin-bottom:0;padding-top:0;padding-right:0;padding-bottom:0;padding-left:0\">\n<div class=\"wp-block-columns is-layout-flex wp-container-core-columns-is-layout-2000334d wp-block-columns-is-layout-flex\" style=\"padding-top:0;padding-right:0;padding-bottom:0;padding-left:0\">\n<div class=\"wp-block-column is-layout-flow wp-block-column-is-layout-flow\" style=\"flex-basis:15%\"><\/div>\n\n\n\n<div class=\"wp-block-column is-layout-flow wp-block-column-is-layout-flow\" style=\"flex-basis:70%\">\n<h1 class=\"wp-block-heading has-text-align-center\" style=\"margin-top:0;margin-right:0;margin-left:0\">Wieniec stoj\u0105cy wielokwiatowy &#8222;Wieniec Pami\u0119ci&#8221;<\/h1>\n\n\n\n<p style=\"margin-top:0;margin-right:0;margin-bottom:0;margin-left:0\">Du\u017cy owalny wieniec z bia\u0142ych lilii i r\u00f3\u017c, subtelny i delikatny. Brzegi wie\u0144ca tworz\u0105 p\u0105ki bia\u0142ych r\u00f3\u017c, przeplecione ga\u0142\u0105zkami delikatnej paproci. Ich przestrzenna forma tworzy koronkow\u0105 ram\u0119 wie\u0144ca, nadaj\u0105c mu lekko\u015bci, a \u017cywa ziele\u0144 podkre\u015bla czyst\u0105 biel lilii i r\u00f3\u017c, wzmacniaj\u0105c elegancj\u0119 kompozycji.<\/p>\n<\/div>\n\n\n\n<div class=\"wp-block-column is-layout-flow wp-block-column-is-layout-flow\" style=\"flex-basis:15%\"><\/div>\n<\/div>\n<\/div>\n<\/section>\n","protected":false},"excerpt":{"rendered":"<p>Delikatny owalny wieniec z bia\u0142ych lilii i r\u00f3\u017c, ozdobiony p\u0105kami bia\u0142ych r\u00f3\u017c i ga\u0142\u0105zkami paproci, kt\u00f3re tworz\u0105 koronkow\u0105 ram\u0119, podkre\u015blaj\u0105c\u0105 biel kwiat\u00f3w.<\/p>\n","protected":false},"featured_media":9041,"template":"","meta":{"_kad_blocks_custom_css":"","_kad_blocks_head_custom_js":"","_kad_blocks_body_custom_js":"","_kad_blocks_footer_custom_js":""},"product_brand":[],"product_cat":[54],"product_tag":[85],"class_list":{"0":"post-9040","1":"product","2":"type-product","3":"status-publish","4":"has-post-thumbnail","6":"product_cat-wience-pogrzebowe","7":"product_tag-pogrzeb","9":"first","10":"instock","11":"shipping-taxable","12":"purchasable","13":"product-type-simple"},"taxonomy_info":{"product_cat":[{"value":54,"label":"Wie\u0144ce pogrzebowe"}],"product_tag":[{"value":85,"label":"Pogrzeb"}]},"featured_image_src_large":["https:\/\/kwiaciarniaklara.pl\/wp-content\/uploads\/2025\/04\/wieniec-pamieci-jesien_photo001-1024x1024.webp",1024,1024,true],"author_info":[],"comment_info":"","_links":{"self":[{"href":"https:\/\/kwiaciarniaklara.pl\/index.php\/wp-json\/wp\/v2\/product\/9040","targetHints":{"allow":["GET"]}}],"collection":[{"href":"https:\/\/kwiaciarniaklara.pl\/index.php\/wp-json\/wp\/v2\/product"}],"about":[{"href":"https:\/\/kwiaciarniaklara.pl\/index.php\/wp-json\/wp\/v2\/types\/product"}],"wp:featuredmedia":[{"embeddable":true,"href":"https:\/\/kwiaciarniaklara.pl\/index.php\/wp-json\/wp\/v2\/media\/9041"}],"wp:attachment":[{"href":"https:\/\/kwiaciarniaklara.pl\/index.php\/wp-json\/wp\/v2\/media?parent=9040"}],"wp:term":[{"taxonomy":"product_brand","embeddable":true,"href":"https:\/\/kwiaciarniaklara.pl\/index.php\/wp-json\/wp\/v2\/product_brand?post=9040"},{"taxonomy":"product_cat","embeddable":true,"href":"https:\/\/kwiaciarniaklara.pl\/index.php\/wp-json\/wp\/v2\/product_cat?post=9040"},{"taxonomy":"product_tag","embeddable":true,"href":"https:\/\/kwiaciarniaklara.pl\/index.php\/wp-json\/wp\/v2\/product_tag?post=9040"}],"curies":[{"name":"wp","href":"https:\/\/api.w.org\/{rel}","templated":true}]}}

Wieniec stojący wielokwiatowy Wieniec Pamięci

<section class="wp-block-group jcws-product-desc-section has-global-padding is-layout-constrained wp-block-group-is-layout-constrained">
<div class="wp-block-group jcws-product-desc-section-inner has-global-padding is-layout-constrained wp-container-core-group-is-layout-481dc8fc wp-block-group-is-layout-constrained" style="margin-top:0;margin-bottom:0;padding-top:0;padding-right:0;padding-bottom:0;padding-left:0">
<div class="wp-block-columns is-layout-flex wp-container-core-columns-is-layout-2000334d wp-block-columns-is-layout-flex" style="padding-top:0;padding-right:0;padding-bottom:0;padding-left:0">
<div class="wp-block-column is-layout-flow wp-block-column-is-layout-flow" style="flex-basis:15%"></div>



<div class="wp-block-column is-layout-flow wp-block-column-is-layout-flow" style="flex-basis:70%">
<h1 class="wp-block-heading has-text-align-center" style="margin-top:0;margin-right:0;margin-left:0">Wieniec stojący wielokwiatowy &#8222;Wieniec Pamięci&#8221;</h1>



<p style="margin-top:0;margin-right:0;margin-bottom:0;margin-left:0">Duży owalny wieniec z białych lilii i róż, subtelny i delikatny. Brzegi wieńca tworzą pąki białych róż, przeplecione gałązkami delikatnej paproci. Ich przestrzenna forma tworzy koronkową ramę wieńca, nadając mu lekkości, a żywa zieleń podkreśla czystą biel lilii i róż, wzmacniając elegancję kompozycji.</p>
</div>



<div class="wp-block-column is-layout-flow wp-block-column-is-layout-flow" style="flex-basis:15%"></div>
</div>
</div>
</section>

<p>Delikatny owalny wieniec z białych lilii i róż, ozdobiony pąkami białych róż i gałązkami paproci, które tworzą koronkową ramę, podkreślającą biel kwiatów.</p>

Wieńce pogrzebowe
