{"id":9035,"date":"2025-04-28T17:48:02","date_gmt":"2025-04-28T17:48:02","guid":{"rendered":"https:\/\/kwiaciarniaklara.pl\/?post_type=product&#038;p=9035"},"modified":"2025-04-28T18:28:34","modified_gmt":"2025-04-28T18:28:34","slug":"serce-w-cieniu-lilii","status":"publish","type":"product","link":"https:\/\/kwiaciarniaklara.pl\/index.php\/produkt\/serce-w-cieniu-lilii\/","title":{"rendered":"Serce W cieniu lilii"},"content":{"rendered":"\n<section class=\"wp-block-group jcws-product-desc-section has-global-padding is-layout-constrained wp-block-group-is-layout-constrained\">\n<div class=\"wp-block-group jcws-product-desc-section-inner has-global-padding is-layout-constrained wp-container-core-group-is-layout-481dc8fc wp-block-group-is-layout-constrained\" style=\"margin-top:0;margin-bottom:0;padding-top:0;padding-right:0;padding-bottom:0;padding-left:0\">\n<div class=\"wp-block-columns is-layout-flex wp-container-core-columns-is-layout-2000334d wp-block-columns-is-layout-flex\" style=\"padding-top:0;padding-right:0;padding-bottom:0;padding-left:0\">\n<div class=\"wp-block-column is-layout-flow wp-block-column-is-layout-flow\" style=\"flex-basis:15%\"><\/div>\n\n\n\n<div class=\"wp-block-column is-layout-flow wp-block-column-is-layout-flow\" style=\"flex-basis:70%\">\n<h1 class=\"wp-block-heading has-text-align-center\" style=\"margin-top:0;margin-right:0;margin-left:0\">Serce &#8222;W cieniu lilii&#8221;<\/h1>\n\n\n\n<p style=\"margin-top:0;margin-right:0;margin-bottom:0;margin-left:0\">Wieniec w kszta\u0142cie serca, wykonany z g\u0119sto u\u0142o\u017conych p\u0105k\u00f3w czerwonych r\u00f3\u017c. Czerwie\u0144 kwiat\u00f3w zosta\u0142a prze\u0142amana du\u017cymi, bia\u0142ymi liliami, u\u0142o\u017conymi na jednym boku kompozycji. Od reszty r\u00f3\u017c oddziela je czarna kokarda wykonana z eleganckiej wst\u0105\u017cki. \u015arodek wie\u0144ca oraz jego obrze\u017ca dekoruj\u0105 drobne ga\u0142\u0105zki ostrokrzewu, dodaj\u0105ce ca\u0142o\u015bci lekko\u015bci i wyrazisto\u015bci.<\/p>\n<\/div>\n\n\n\n<div class=\"wp-block-column is-layout-flow wp-block-column-is-layout-flow\" style=\"flex-basis:15%\"><\/div>\n<\/div>\n<\/div>\n<\/section>\n","protected":false},"excerpt":{"rendered":"<p>Wieniec w kszta\u0142cie serca z czerwonych r\u00f3\u017c i bia\u0142ych lilii, ozdobiony czarn\u0105 kokard\u0105 i ga\u0142\u0105zkami ostrokrzewu.<\/p>\n","protected":false},"featured_media":9037,"template":"","meta":{"_kad_blocks_custom_css":"","_kad_blocks_head_custom_js":"","_kad_blocks_body_custom_js":"","_kad_blocks_footer_custom_js":""},"product_brand":[],"product_cat":[52],"product_tag":[85],"class_list":{"0":"post-9035","1":"product","2":"type-product","3":"status-publish","4":"has-post-thumbnail","6":"product_cat-wianki-i-serca","7":"product_tag-pogrzeb","9":"first","10":"instock","11":"shipping-taxable","12":"purchasable","13":"product-type-simple"},"taxonomy_info":{"product_cat":[{"value":52,"label":"Wianki i serca"}],"product_tag":[{"value":85,"label":"Pogrzeb"}]},"featured_image_src_large":["https:\/\/kwiaciarniaklara.pl\/wp-content\/uploads\/2025\/04\/w-cieniu-lilii_photo001-1024x1024.webp",1024,1024,true],"author_info":[],"comment_info":"","_links":{"self":[{"href":"https:\/\/kwiaciarniaklara.pl\/index.php\/wp-json\/wp\/v2\/product\/9035","targetHints":{"allow":["GET"]}}],"collection":[{"href":"https:\/\/kwiaciarniaklara.pl\/index.php\/wp-json\/wp\/v2\/product"}],"about":[{"href":"https:\/\/kwiaciarniaklara.pl\/index.php\/wp-json\/wp\/v2\/types\/product"}],"wp:featuredmedia":[{"embeddable":true,"href":"https:\/\/kwiaciarniaklara.pl\/index.php\/wp-json\/wp\/v2\/media\/9037"}],"wp:attachment":[{"href":"https:\/\/kwiaciarniaklara.pl\/index.php\/wp-json\/wp\/v2\/media?parent=9035"}],"wp:term":[{"taxonomy":"product_brand","embeddable":true,"href":"https:\/\/kwiaciarniaklara.pl\/index.php\/wp-json\/wp\/v2\/product_brand?post=9035"},{"taxonomy":"product_cat","embeddable":true,"href":"https:\/\/kwiaciarniaklara.pl\/index.php\/wp-json\/wp\/v2\/product_cat?post=9035"},{"taxonomy":"product_tag","embeddable":true,"href":"https:\/\/kwiaciarniaklara.pl\/index.php\/wp-json\/wp\/v2\/product_tag?post=9035"}],"curies":[{"name":"wp","href":"https:\/\/api.w.org\/{rel}","templated":true}]}}

<section class="wp-block-group jcws-product-desc-section has-global-padding is-layout-constrained wp-block-group-is-layout-constrained">
<div class="wp-block-group jcws-product-desc-section-inner has-global-padding is-layout-constrained wp-container-core-group-is-layout-481dc8fc wp-block-group-is-layout-constrained" style="margin-top:0;margin-bottom:0;padding-top:0;padding-right:0;padding-bottom:0;padding-left:0">
<div class="wp-block-columns is-layout-flex wp-container-core-columns-is-layout-2000334d wp-block-columns-is-layout-flex" style="padding-top:0;padding-right:0;padding-bottom:0;padding-left:0">
<div class="wp-block-column is-layout-flow wp-block-column-is-layout-flow" style="flex-basis:15%"></div>



<div class="wp-block-column is-layout-flow wp-block-column-is-layout-flow" style="flex-basis:70%">
<h1 class="wp-block-heading has-text-align-center" style="margin-top:0;margin-right:0;margin-left:0">Serce &#8222;W cieniu lilii&#8221;</h1>



<p style="margin-top:0;margin-right:0;margin-bottom:0;margin-left:0">Wieniec w kształcie serca, wykonany z gęsto ułożonych pąków czerwonych róż. Czerwień kwiatów została przełamana dużymi, białymi liliami, ułożonymi na jednym boku kompozycji. Od reszty róż oddziela je czarna kokarda wykonana z eleganckiej wstążki. Środek wieńca oraz jego obrzeża dekorują drobne gałązki ostrokrzewu, dodające całości lekkości i wyrazistości.</p>
</div>



<div class="wp-block-column is-layout-flow wp-block-column-is-layout-flow" style="flex-basis:15%"></div>
</div>
</div>
</section>

<p>Wieniec w kształcie serca z czerwonych róż i białych lilii, ozdobiony czarną kokardą i gałązkami ostrokrzewu.</p>
