{"id":8999,"date":"2025-04-22T12:17:28","date_gmt":"2025-04-22T12:17:28","guid":{"rendered":"https:\/\/kwiaciarniaklara.pl\/?post_type=product&#038;p=8999"},"modified":"2025-04-22T12:35:29","modified_gmt":"2025-04-22T12:35:29","slug":"wianek-pogrzebowy-z-roz","status":"publish","type":"product","link":"https:\/\/kwiaciarniaklara.pl\/index.php\/produkt\/wianek-pogrzebowy-z-roz\/","title":{"rendered":"Wianek pogrzebowy z r\u00f3\u017c"},"content":{"rendered":"\n<section class=\"wp-block-group jcws-product-desc-section has-global-padding is-layout-constrained wp-block-group-is-layout-constrained\">\n<div class=\"wp-block-group jcws-product-desc-section-inner has-global-padding is-layout-constrained wp-container-core-group-is-layout-481dc8fc wp-block-group-is-layout-constrained\" style=\"margin-top:0;margin-bottom:0;padding-top:0;padding-right:0;padding-bottom:0;padding-left:0\">\n<div class=\"wp-block-columns is-layout-flex wp-container-core-columns-is-layout-2000334d wp-block-columns-is-layout-flex\" style=\"padding-top:0;padding-right:0;padding-bottom:0;padding-left:0\">\n<div class=\"wp-block-column is-layout-flow wp-block-column-is-layout-flow\" style=\"flex-basis:15%\"><\/div>\n\n\n\n<div class=\"wp-block-column is-layout-flow wp-block-column-is-layout-flow\" style=\"flex-basis:70%\">\n<h1 class=\"wp-block-heading has-text-align-center\" style=\"margin-top:0;margin-right:0;margin-left:0\">Wianek pogrzebowy z r\u00f3\u017c<\/h1>\n\n\n\n<p style=\"margin-top:0;margin-right:0;margin-bottom:0;margin-left:0\">Wianek z \u017cywej tuji, ozdobiony bia\u0142ymi i czerwonymi sztucznymi r\u00f3\u017cami oraz d\u0142ugimi, zielonymi li\u015b\u0107mi paproci. Naturalna ziele\u0144 po\u0142\u0105czona z klasycznymi kolorami kwiat\u00f3w tworzy eleganck\u0105 i trwa\u0142\u0105 kompozycj\u0119. Wianek doskonale sprawdzi si\u0119 jako dekoracja znicza lub ozdoba p\u0142yty nagrobnej.<\/p>\n<\/div>\n\n\n\n<div class=\"wp-block-column is-layout-flow wp-block-column-is-layout-flow\" style=\"flex-basis:15%\"><\/div>\n<\/div>\n<\/div>\n<\/section>\n","protected":false},"excerpt":{"rendered":"<p>Wianek z tuji z bia\u0142ymi i czerwonymi sztucznymi r\u00f3\u017cami oraz paproci\u0105. Klasyczna kompozycja nagrobna, idealna jako ozdoba znicza lub p\u0142yty.<\/p>\n","protected":false},"featured_media":9006,"template":"","meta":{"_kad_blocks_custom_css":"","_kad_blocks_head_custom_js":"","_kad_blocks_body_custom_js":"","_kad_blocks_footer_custom_js":""},"product_brand":[],"product_cat":[52],"product_tag":[85],"class_list":{"0":"post-8999","1":"product","2":"type-product","3":"status-publish","4":"has-post-thumbnail","6":"product_cat-wianki-i-serca","7":"product_tag-pogrzeb","9":"first","10":"instock","11":"shipping-taxable","12":"purchasable","13":"product-type-variable"},"taxonomy_info":{"product_cat":[{"value":52,"label":"Wianki i serca"}],"product_tag":[{"value":85,"label":"Pogrzeb"}]},"featured_image_src_large":["https:\/\/kwiaciarniaklara.pl\/wp-content\/uploads\/2025\/04\/wianek-pogrzebowy-z-roz-wiosna_photo001-1024x1024.webp",1024,1024,true],"author_info":[],"comment_info":"","_links":{"self":[{"href":"https:\/\/kwiaciarniaklara.pl\/index.php\/wp-json\/wp\/v2\/product\/8999","targetHints":{"allow":["GET"]}}],"collection":[{"href":"https:\/\/kwiaciarniaklara.pl\/index.php\/wp-json\/wp\/v2\/product"}],"about":[{"href":"https:\/\/kwiaciarniaklara.pl\/index.php\/wp-json\/wp\/v2\/types\/product"}],"wp:featuredmedia":[{"embeddable":true,"href":"https:\/\/kwiaciarniaklara.pl\/index.php\/wp-json\/wp\/v2\/media\/9006"}],"wp:attachment":[{"href":"https:\/\/kwiaciarniaklara.pl\/index.php\/wp-json\/wp\/v2\/media?parent=8999"}],"wp:term":[{"taxonomy":"product_brand","embeddable":true,"href":"https:\/\/kwiaciarniaklara.pl\/index.php\/wp-json\/wp\/v2\/product_brand?post=8999"},{"taxonomy":"product_cat","embeddable":true,"href":"https:\/\/kwiaciarniaklara.pl\/index.php\/wp-json\/wp\/v2\/product_cat?post=8999"},{"taxonomy":"product_tag","embeddable":true,"href":"https:\/\/kwiaciarniaklara.pl\/index.php\/wp-json\/wp\/v2\/product_tag?post=8999"}],"curies":[{"name":"wp","href":"https:\/\/api.w.org\/{rel}","templated":true}]}}

Wianek pogrzebowy z róż

<section class="wp-block-group jcws-product-desc-section has-global-padding is-layout-constrained wp-block-group-is-layout-constrained">
<div class="wp-block-group jcws-product-desc-section-inner has-global-padding is-layout-constrained wp-container-core-group-is-layout-481dc8fc wp-block-group-is-layout-constrained" style="margin-top:0;margin-bottom:0;padding-top:0;padding-right:0;padding-bottom:0;padding-left:0">
<div class="wp-block-columns is-layout-flex wp-container-core-columns-is-layout-2000334d wp-block-columns-is-layout-flex" style="padding-top:0;padding-right:0;padding-bottom:0;padding-left:0">
<div class="wp-block-column is-layout-flow wp-block-column-is-layout-flow" style="flex-basis:15%"></div>



<div class="wp-block-column is-layout-flow wp-block-column-is-layout-flow" style="flex-basis:70%">
<h1 class="wp-block-heading has-text-align-center" style="margin-top:0;margin-right:0;margin-left:0">Wianek pogrzebowy z róż</h1>



<p style="margin-top:0;margin-right:0;margin-bottom:0;margin-left:0">Wianek z żywej tuji, ozdobiony białymi i czerwonymi sztucznymi różami oraz długimi, zielonymi liśćmi paproci. Naturalna zieleń połączona z klasycznymi kolorami kwiatów tworzy elegancką i trwałą kompozycję. Wianek doskonale sprawdzi się jako dekoracja znicza lub ozdoba płyty nagrobnej.</p>
</div>



<div class="wp-block-column is-layout-flow wp-block-column-is-layout-flow" style="flex-basis:15%"></div>
</div>
</div>
</section>

<p>Wianek z tuji z białymi i czerwonymi sztucznymi różami oraz paprocią. Klasyczna kompozycja nagrobna, idealna jako ozdoba znicza lub płyty.</p>
