{"id":8977,"date":"2025-04-22T09:10:22","date_gmt":"2025-04-22T09:10:22","guid":{"rendered":"https:\/\/kwiaciarniaklara.pl\/?post_type=product&#038;p=8977"},"modified":"2025-05-27T19:07:22","modified_gmt":"2025-05-27T19:07:22","slug":"bukiet-sloneczna-wiosna","status":"publish","type":"product","link":"https:\/\/kwiaciarniaklara.pl\/index.php\/produkt\/bukiet-sloneczna-wiosna\/","title":{"rendered":"Bukiet &#8222;S\u0142oneczna wiosna&#8221;"},"content":{"rendered":"\n<section class=\"wp-block-group jcws-product-desc-section has-global-padding is-layout-constrained wp-block-group-is-layout-constrained\">\n<div class=\"wp-block-group jcws-product-desc-section-inner has-global-padding is-layout-constrained wp-container-core-group-is-layout-481dc8fc wp-block-group-is-layout-constrained\" style=\"margin-top:0;margin-bottom:0;padding-top:0;padding-right:0;padding-bottom:0;padding-left:0\">\n<div class=\"wp-block-columns is-layout-flex wp-container-core-columns-is-layout-2000334d wp-block-columns-is-layout-flex\" style=\"padding-top:0;padding-right:0;padding-bottom:0;padding-left:0\">\n<div class=\"wp-block-column is-layout-flow wp-block-column-is-layout-flow\" style=\"flex-basis:15%\"><\/div>\n\n\n\n<div class=\"wp-block-column is-layout-flow wp-block-column-is-layout-flow\" style=\"flex-basis:70%\">\n<h1 class=\"wp-block-heading has-text-align-center\" style=\"margin-top:0;margin-right:0;margin-left:0\">Bukiet &#8222;S\u0142oneczna wiosna&#8221;<\/h1>\n\n\n\n<p style=\"margin-top:0;margin-right:0;margin-bottom:0;margin-left:0\">Wi\u0105zanka \u017c\u00f3\u0142tych tulipan\u00f3w, owini\u0119ta szerok\u0105, zielon\u0105 siatk\u0105 i przewi\u0105zana intensywnie zielon\u0105 wst\u0105\u017ck\u0105. To prosta, ale efektowna kompozycja kwiatowa, w kt\u00f3rej nie znajdziemy przesady \u2013 zamiast tego kr\u00f3luje harmonia, \u015bwie\u017co\u015b\u0107 i naturalne pi\u0119kno ro\u015blin.<br><\/p>\n<\/div>\n\n\n\n<div class=\"wp-block-column is-layout-flow wp-block-column-is-layout-flow\" style=\"flex-basis:15%\"><\/div>\n<\/div>\n<\/div>\n<\/section>\n","protected":false},"excerpt":{"rendered":"<p>Prosta i \u015bwie\u017ca wi\u0105zanka \u017c\u00f3\u0142tych tulipan\u00f3w, otulona zielon\u0105 siatk\u0105 i przewi\u0105zana \u017cywozielon\u0105 wst\u0105\u017ck\u0105. Minimalistyczna kompozycja z wyra\u017anym akcentem naturalno\u015bci.<\/p>\n","protected":false},"featured_media":8980,"template":"","meta":{"_kad_blocks_custom_css":"","_kad_blocks_head_custom_js":"","_kad_blocks_body_custom_js":"","_kad_blocks_footer_custom_js":""},"product_brand":[],"product_cat":[45],"product_tag":[94,88,96,32,34],"class_list":{"0":"post-8977","1":"product","2":"type-product","3":"status-publish","4":"has-post-thumbnail","6":"product_cat-mono-kwiatowe","7":"product_tag-dzien-kobiet","8":"product_tag-dzien-matki","9":"product_tag-podziekowanie","10":"product_tag-urodziny","11":"product_tag-wiosna","13":"first","14":"instock","15":"shipping-taxable","16":"purchasable","17":"product-type-variable","18":"has-default-attributes"},"taxonomy_info":{"product_cat":[{"value":45,"label":"Mono bukiety"}],"product_tag":[{"value":94,"label":"Dzie\u0144 kobiet"},{"value":88,"label":"Dzie\u0144 matki"},{"value":96,"label":"Podzi\u0119kowanie"},{"value":32,"label":"Urodziny"},{"value":34,"label":"Wiosna"}]},"featured_image_src_large":["https:\/\/kwiaciarniaklara.pl\/wp-content\/uploads\/2025\/04\/sloneczna-wiosna-wiosna_photo010-1024x1024.webp",1024,1024,true],"author_info":[],"comment_info":"","_links":{"self":[{"href":"https:\/\/kwiaciarniaklara.pl\/index.php\/wp-json\/wp\/v2\/product\/8977","targetHints":{"allow":["GET"]}}],"collection":[{"href":"https:\/\/kwiaciarniaklara.pl\/index.php\/wp-json\/wp\/v2\/product"}],"about":[{"href":"https:\/\/kwiaciarniaklara.pl\/index.php\/wp-json\/wp\/v2\/types\/product"}],"wp:featuredmedia":[{"embeddable":true,"href":"https:\/\/kwiaciarniaklara.pl\/index.php\/wp-json\/wp\/v2\/media\/8980"}],"wp:attachment":[{"href":"https:\/\/kwiaciarniaklara.pl\/index.php\/wp-json\/wp\/v2\/media?parent=8977"}],"wp:term":[{"taxonomy":"product_brand","embeddable":true,"href":"https:\/\/kwiaciarniaklara.pl\/index.php\/wp-json\/wp\/v2\/product_brand?post=8977"},{"taxonomy":"product_cat","embeddable":true,"href":"https:\/\/kwiaciarniaklara.pl\/index.php\/wp-json\/wp\/v2\/product_cat?post=8977"},{"taxonomy":"product_tag","embeddable":true,"href":"https:\/\/kwiaciarniaklara.pl\/index.php\/wp-json\/wp\/v2\/product_tag?post=8977"}],"curies":[{"name":"wp","href":"https:\/\/api.w.org\/{rel}","templated":true}]}}

Bukiet &#8222;Słoneczna wiosna&#8221;

<section class="wp-block-group jcws-product-desc-section has-global-padding is-layout-constrained wp-block-group-is-layout-constrained">
<div class="wp-block-group jcws-product-desc-section-inner has-global-padding is-layout-constrained wp-container-core-group-is-layout-481dc8fc wp-block-group-is-layout-constrained" style="margin-top:0;margin-bottom:0;padding-top:0;padding-right:0;padding-bottom:0;padding-left:0">
<div class="wp-block-columns is-layout-flex wp-container-core-columns-is-layout-2000334d wp-block-columns-is-layout-flex" style="padding-top:0;padding-right:0;padding-bottom:0;padding-left:0">
<div class="wp-block-column is-layout-flow wp-block-column-is-layout-flow" style="flex-basis:15%"></div>



<div class="wp-block-column is-layout-flow wp-block-column-is-layout-flow" style="flex-basis:70%">
<h1 class="wp-block-heading has-text-align-center" style="margin-top:0;margin-right:0;margin-left:0">Bukiet &#8222;Słoneczna wiosna&#8221;</h1>



<p style="margin-top:0;margin-right:0;margin-bottom:0;margin-left:0">Wiązanka żółtych tulipanów, owinięta szeroką, zieloną siatką i przewiązana intensywnie zieloną wstążką. To prosta, ale efektowna kompozycja kwiatowa, w której nie znajdziemy przesady – zamiast tego króluje harmonia, świeżość i naturalne piękno roślin.<br></p>
</div>



<div class="wp-block-column is-layout-flow wp-block-column-is-layout-flow" style="flex-basis:15%"></div>
</div>
</div>
</section>

<p>Prosta i świeża wiązanka żółtych tulipanów, otulona zieloną siatką i przewiązana żywozieloną wstążką. Minimalistyczna kompozycja z wyraźnym akcentem naturalności.</p>

Dzień kobiet

Dzień matki

Podziękowanie
