{"id":8963,"date":"2025-03-31T12:40:19","date_gmt":"2025-03-31T12:40:19","guid":{"rendered":"https:\/\/kwiaciarniaklara.pl\/?post_type=product&#038;p=8963"},"modified":"2025-03-31T12:54:28","modified_gmt":"2025-03-31T12:54:28","slug":"bukiet-rozowe-marzenie","status":"publish","type":"product","link":"https:\/\/kwiaciarniaklara.pl\/index.php\/produkt\/bukiet-rozowe-marzenie\/","title":{"rendered":"Bukiet &#8222;R\u00f3\u017cowe marzenie&#8221;"},"content":{"rendered":"\n<section class=\"wp-block-group jcws-product-desc-section has-global-padding is-layout-constrained wp-block-group-is-layout-constrained\">\n<div class=\"wp-block-group jcws-product-desc-section-inner has-global-padding is-layout-constrained wp-container-core-group-is-layout-481dc8fc wp-block-group-is-layout-constrained\" style=\"margin-top:0;margin-bottom:0;padding-top:0;padding-right:0;padding-bottom:0;padding-left:0\">\n<div class=\"wp-block-columns is-layout-flex wp-container-core-columns-is-layout-2000334d wp-block-columns-is-layout-flex\" style=\"padding-top:0;padding-right:0;padding-bottom:0;padding-left:0\">\n<div class=\"wp-block-column is-layout-flow wp-block-column-is-layout-flow\" style=\"flex-basis:15%\"><\/div>\n\n\n\n<div class=\"wp-block-column is-layout-flow wp-block-column-is-layout-flow\" style=\"flex-basis:70%\">\n<h1 class=\"wp-block-heading has-text-align-center\" style=\"margin-top:0;margin-right:0;margin-left:0\">Bukiet &#8222;R\u00f3\u017cowe marzenie&#8221;<\/h1>\n\n\n\n<p style=\"margin-top:0;margin-right:0;margin-bottom:0;margin-left:0\">Intensywny r\u00f3\u017c gips\u00f3wki, pastelowy odcie\u0144 go\u017adzik\u00f3w i <strong>50<\/strong> kremowo-r\u00f3\u017cowych du\u017cych p\u0105k\u00f3w r\u00f3\u017c tworz\u0105 nieodparty urok tego wspania\u0142ego bukietu. Jego spokojn\u0105, r\u00f3\u017cow\u0105 tonacj\u0119 podkre\u015blaj\u0105 delikatne dodatki, a otulaj\u0105ca bukiet szaro-kremowa i r\u00f3\u017cowa bibu\u0142a harmonijnie wtapia si\u0119 w pastelow\u0105 kompozycj\u0119.<\/p>\n<\/div>\n\n\n\n<div class=\"wp-block-column is-layout-flow wp-block-column-is-layout-flow\" style=\"flex-basis:15%\"><\/div>\n<\/div>\n<\/div>\n<\/section>\n","protected":false},"excerpt":{"rendered":"<p>Bukiet w odcieniach r\u00f3\u017cu z gips\u00f3wk\u0105, go\u017adzikami i kremowo-r\u00f3\u017cowymi r\u00f3\u017cami zachwyca elegancj\u0105. Subtelna bibu\u0142a podkre\u015bla pastelow\u0105 harmoni\u0119 tej wyj\u0105tkowej kompozycji.<\/p>\n","protected":false},"featured_media":8964,"template":"","meta":{"_kad_blocks_custom_css":"","_kad_blocks_head_custom_js":"","_kad_blocks_body_custom_js":"","_kad_blocks_footer_custom_js":""},"product_brand":[],"product_cat":[43],"product_tag":[95,101,38,99,32,62],"class_list":{"0":"post-8963","1":"product","2":"type-product","3":"status-publish","4":"has-post-thumbnail","6":"product_cat-wielokwiatowe","7":"product_tag-gratulacje","8":"product_tag-milosc","9":"product_tag-premium","10":"product_tag-rocznica-slubu","11":"product_tag-urodziny","12":"product_tag-walentynki","14":"first","15":"instock","16":"shipping-taxable","17":"purchasable","18":"product-type-simple"},"taxonomy_info":{"product_cat":[{"value":43,"label":"Bukiety wielokwiatowe"}],"product_tag":[{"value":95,"label":"Gratulacje"},{"value":101,"label":"Mi\u0142o\u015b\u0107"},{"value":38,"label":"Premium"},{"value":99,"label":"Rocznica \u015alubu"},{"value":32,"label":"Urodziny"},{"value":62,"label":"Walentynki"}]},"featured_image_src_large":["https:\/\/kwiaciarniaklara.pl\/wp-content\/uploads\/2025\/03\/bukiet-rozowe-marzenie-wiosna_photo003-1024x1024.webp",1024,1024,true],"author_info":[],"comment_info":"","_links":{"self":[{"href":"https:\/\/kwiaciarniaklara.pl\/index.php\/wp-json\/wp\/v2\/product\/8963","targetHints":{"allow":["GET"]}}],"collection":[{"href":"https:\/\/kwiaciarniaklara.pl\/index.php\/wp-json\/wp\/v2\/product"}],"about":[{"href":"https:\/\/kwiaciarniaklara.pl\/index.php\/wp-json\/wp\/v2\/types\/product"}],"wp:featuredmedia":[{"embeddable":true,"href":"https:\/\/kwiaciarniaklara.pl\/index.php\/wp-json\/wp\/v2\/media\/8964"}],"wp:attachment":[{"href":"https:\/\/kwiaciarniaklara.pl\/index.php\/wp-json\/wp\/v2\/media?parent=8963"}],"wp:term":[{"taxonomy":"product_brand","embeddable":true,"href":"https:\/\/kwiaciarniaklara.pl\/index.php\/wp-json\/wp\/v2\/product_brand?post=8963"},{"taxonomy":"product_cat","embeddable":true,"href":"https:\/\/kwiaciarniaklara.pl\/index.php\/wp-json\/wp\/v2\/product_cat?post=8963"},{"taxonomy":"product_tag","embeddable":true,"href":"https:\/\/kwiaciarniaklara.pl\/index.php\/wp-json\/wp\/v2\/product_tag?post=8963"}],"curies":[{"name":"wp","href":"https:\/\/api.w.org\/{rel}","templated":true}]}}

Bukiet &#8222;Różowe marzenie&#8221;

<section class="wp-block-group jcws-product-desc-section has-global-padding is-layout-constrained wp-block-group-is-layout-constrained">
<div class="wp-block-group jcws-product-desc-section-inner has-global-padding is-layout-constrained wp-container-core-group-is-layout-481dc8fc wp-block-group-is-layout-constrained" style="margin-top:0;margin-bottom:0;padding-top:0;padding-right:0;padding-bottom:0;padding-left:0">
<div class="wp-block-columns is-layout-flex wp-container-core-columns-is-layout-2000334d wp-block-columns-is-layout-flex" style="padding-top:0;padding-right:0;padding-bottom:0;padding-left:0">
<div class="wp-block-column is-layout-flow wp-block-column-is-layout-flow" style="flex-basis:15%"></div>



<div class="wp-block-column is-layout-flow wp-block-column-is-layout-flow" style="flex-basis:70%">
<h1 class="wp-block-heading has-text-align-center" style="margin-top:0;margin-right:0;margin-left:0">Bukiet &#8222;Różowe marzenie&#8221;</h1>



<p style="margin-top:0;margin-right:0;margin-bottom:0;margin-left:0">Intensywny róż gipsówki, pastelowy odcień goździków i <strong>50</strong> kremowo-różowych dużych pąków róż tworzą nieodparty urok tego wspaniałego bukietu. Jego spokojną, różową tonację podkreślają delikatne dodatki, a otulająca bukiet szaro-kremowa i różowa bibuła harmonijnie wtapia się w pastelową kompozycję.</p>
</div>



<div class="wp-block-column is-layout-flow wp-block-column-is-layout-flow" style="flex-basis:15%"></div>
</div>
</div>
</section>

<p>Bukiet w odcieniach różu z gipsówką, goździkami i kremowo-różowymi różami zachwyca elegancją. Subtelna bibuła podkreśla pastelową harmonię tej wyjątkowej kompozycji.</p>

Miłość

Rocznica Ślubu
