{"id":7996,"date":"2025-02-16T22:37:08","date_gmt":"2025-02-16T22:37:08","guid":{"rendered":"https:\/\/kwiaciarniaklara.pl\/?post_type=product&#038;p=7996"},"modified":"2025-03-21T11:52:36","modified_gmt":"2025-03-21T11:52:36","slug":"bukiet-biala-slodycz","status":"publish","type":"product","link":"https:\/\/kwiaciarniaklara.pl\/index.php\/produkt\/bukiet-biala-slodycz\/","title":{"rendered":"Bukiet &#8222;Bia\u0142a s\u0142odycz&#8221;"},"content":{"rendered":"\n<section class=\"wp-block-group jcws-product-desc-section has-global-padding is-layout-constrained wp-block-group-is-layout-constrained\">\n<div class=\"wp-block-group jcws-product-desc-section-inner has-global-padding is-layout-constrained wp-container-core-group-is-layout-481dc8fc wp-block-group-is-layout-constrained\" style=\"margin-top:0;margin-bottom:0;padding-top:0;padding-right:0;padding-bottom:0;padding-left:0\">\n<div class=\"wp-block-columns is-layout-flex wp-container-core-columns-is-layout-2000334d wp-block-columns-is-layout-flex\" style=\"padding-top:0;padding-right:0;padding-bottom:0;padding-left:0\">\n<div class=\"wp-block-column is-layout-flow wp-block-column-is-layout-flow\" style=\"flex-basis:15%\"><\/div>\n\n\n\n<div class=\"wp-block-column is-layout-flow wp-block-column-is-layout-flow\" style=\"flex-basis:70%\">\n<h1 class=\"wp-block-heading has-text-align-center\" style=\"margin-top:0;margin-right:0;margin-left:0\">Bukiet &#8222;Bia\u0142a s\u0142odycz&#8221;<\/h1>\n\n\n\n<p style=\"margin-top:0;margin-right:0;margin-bottom:0;margin-left:0\">Prosta, elegancka kompozycja z wy\u0142\u0105cznie bia\u0142ych kwiat\u00f3w. Bia\u0142e r\u00f3\u017ce i wonne piwonie podkre\u015blaj\u0105 uroczysty charakter ceremonii lub innej wa\u017cnej okazji. Pi\u0119kny, czysty w formie i wyrazie bukiet, wyko\u0144czony szerok\u0105 wst\u0105\u017ck\u0105 spi\u0119t\u0105 pere\u0142kami.<\/p>\n<\/div>\n\n\n\n<div class=\"wp-block-column is-layout-flow wp-block-column-is-layout-flow\" style=\"flex-basis:15%\"><\/div>\n<\/div>\n<\/div>\n<\/section>\n","protected":false},"excerpt":{"rendered":"<p>Elegancka kompozycja z bia\u0142ych r\u00f3\u017c i wonnych piwonii, idealna na uroczyste ceremonie. Czysta forma, subtelny wyraz, wyko\u0144czona wst\u0105\u017ck\u0105 z pere\u0142kami.<\/p>\n","protected":false},"featured_media":7997,"template":"","meta":{"_kad_blocks_custom_css":"","_kad_blocks_head_custom_js":"","_kad_blocks_body_custom_js":"","_kad_blocks_footer_custom_js":""},"product_brand":[],"product_cat":[43],"product_tag":[89,114,99,80,34],"class_list":{"0":"post-7996","1":"product","2":"type-product","3":"status-publish","4":"has-post-thumbnail","6":"product_cat-wielokwiatowe","7":"product_tag-chrzest-2","8":"product_tag-komunia-swieta","9":"product_tag-rocznica-slubu","10":"product_tag-slub","11":"product_tag-wiosna","13":"first","14":"instock","15":"shipping-taxable","16":"purchasable","17":"product-type-simple"},"taxonomy_info":{"product_cat":[{"value":43,"label":"Bukiety wielokwiatowe"}],"product_tag":[{"value":89,"label":"Chrzciny"},{"value":114,"label":"Komunia \u015awi\u0119ta"},{"value":99,"label":"Rocznica \u015alubu"},{"value":80,"label":"\u015alub"},{"value":34,"label":"Wiosna"}]},"featured_image_src_large":["https:\/\/kwiaciarniaklara.pl\/wp-content\/uploads\/2025\/02\/bukiet-slub-07-01-1024x1024.webp",1024,1024,true],"author_info":[],"comment_info":"","_links":{"self":[{"href":"https:\/\/kwiaciarniaklara.pl\/index.php\/wp-json\/wp\/v2\/product\/7996","targetHints":{"allow":["GET"]}}],"collection":[{"href":"https:\/\/kwiaciarniaklara.pl\/index.php\/wp-json\/wp\/v2\/product"}],"about":[{"href":"https:\/\/kwiaciarniaklara.pl\/index.php\/wp-json\/wp\/v2\/types\/product"}],"wp:featuredmedia":[{"embeddable":true,"href":"https:\/\/kwiaciarniaklara.pl\/index.php\/wp-json\/wp\/v2\/media\/7997"}],"wp:attachment":[{"href":"https:\/\/kwiaciarniaklara.pl\/index.php\/wp-json\/wp\/v2\/media?parent=7996"}],"wp:term":[{"taxonomy":"product_brand","embeddable":true,"href":"https:\/\/kwiaciarniaklara.pl\/index.php\/wp-json\/wp\/v2\/product_brand?post=7996"},{"taxonomy":"product_cat","embeddable":true,"href":"https:\/\/kwiaciarniaklara.pl\/index.php\/wp-json\/wp\/v2\/product_cat?post=7996"},{"taxonomy":"product_tag","embeddable":true,"href":"https:\/\/kwiaciarniaklara.pl\/index.php\/wp-json\/wp\/v2\/product_tag?post=7996"}],"curies":[{"name":"wp","href":"https:\/\/api.w.org\/{rel}","templated":true}]}}

Bukiet &#8222;Biała słodycz&#8221;

<section class="wp-block-group jcws-product-desc-section has-global-padding is-layout-constrained wp-block-group-is-layout-constrained">
<div class="wp-block-group jcws-product-desc-section-inner has-global-padding is-layout-constrained wp-container-core-group-is-layout-481dc8fc wp-block-group-is-layout-constrained" style="margin-top:0;margin-bottom:0;padding-top:0;padding-right:0;padding-bottom:0;padding-left:0">
<div class="wp-block-columns is-layout-flex wp-container-core-columns-is-layout-2000334d wp-block-columns-is-layout-flex" style="padding-top:0;padding-right:0;padding-bottom:0;padding-left:0">
<div class="wp-block-column is-layout-flow wp-block-column-is-layout-flow" style="flex-basis:15%"></div>



<div class="wp-block-column is-layout-flow wp-block-column-is-layout-flow" style="flex-basis:70%">
<h1 class="wp-block-heading has-text-align-center" style="margin-top:0;margin-right:0;margin-left:0">Bukiet &#8222;Biała słodycz&#8221;</h1>



<p style="margin-top:0;margin-right:0;margin-bottom:0;margin-left:0">Prosta, elegancka kompozycja z wyłącznie białych kwiatów. Białe róże i wonne piwonie podkreślają uroczysty charakter ceremonii lub innej ważnej okazji. Piękny, czysty w formie i wyrazie bukiet, wykończony szeroką wstążką spiętą perełkami.</p>
</div>



<div class="wp-block-column is-layout-flow wp-block-column-is-layout-flow" style="flex-basis:15%"></div>
</div>
</div>
</section>

<p>Elegancka kompozycja z białych róż i wonnych piwonii, idealna na uroczyste ceremonie. Czysta forma, subtelny wyraz, wykończona wstążką z perełkami.</p>

Komunia Święta

Rocznica Ślubu

Ślub
