{"id":7981,"date":"2025-02-16T22:32:07","date_gmt":"2025-02-16T22:32:07","guid":{"rendered":"https:\/\/kwiaciarniaklara.pl\/?post_type=product&#038;p=7981"},"modified":"2025-06-05T15:31:22","modified_gmt":"2025-06-05T15:31:22","slug":"bukiet-urok-i-elegancja","status":"publish","type":"product","link":"https:\/\/kwiaciarniaklara.pl\/index.php\/produkt\/bukiet-urok-i-elegancja\/","title":{"rendered":"Bukiet &#8222;Urok i elegancja&#8221;"},"content":{"rendered":"\n<section class=\"wp-block-group jcws-product-desc-section has-global-padding is-layout-constrained wp-block-group-is-layout-constrained\">\n<div class=\"wp-block-group jcws-product-desc-section-inner has-global-padding is-layout-constrained wp-container-core-group-is-layout-481dc8fc wp-block-group-is-layout-constrained\" style=\"margin-top:0;margin-bottom:0;padding-top:0;padding-right:0;padding-bottom:0;padding-left:0\">\n<div class=\"wp-block-columns is-layout-flex wp-container-core-columns-is-layout-2000334d wp-block-columns-is-layout-flex\" style=\"padding-top:0;padding-right:0;padding-bottom:0;padding-left:0\">\n<div class=\"wp-block-column is-layout-flow wp-block-column-is-layout-flow\" style=\"flex-basis:15%\"><\/div>\n\n\n\n<div class=\"wp-block-column is-layout-flow wp-block-column-is-layout-flow\" style=\"flex-basis:70%\">\n<h1 class=\"wp-block-heading has-text-align-center\" style=\"margin-top:0;margin-right:0;margin-left:0\">Bukiet &#8222;Urok i elegancja&#8221;<\/h1>\n\n\n\n<p style=\"margin-top:0;margin-right:0;margin-bottom:0;margin-left:0\">Oryginalna, elegancka kompozycja z bia\u0142ych i r\u00f3\u017cowych r\u00f3\u017c, prze\u0142amania ciemnym bordowym kolorem go\u017adzik\u00f3w i p\u0105k\u00f3w bordowych r\u00f3\u017c, wzbogacona kremowymi kwiatami hortensji. R\u00f3\u017cowe owoce dziurawca, szara ziele\u0144 u\u017cytych w bukiecie li\u015bci i traw nadaje mu lekko\u015bci i naturalno\u015bci.<\/p>\n<\/div>\n\n\n\n<div class=\"wp-block-column is-layout-flow wp-block-column-is-layout-flow\" style=\"flex-basis:15%\"><\/div>\n<\/div>\n<\/div>\n<\/section>\n","protected":false},"excerpt":{"rendered":"<p>Elegancka kompozycja z bia\u0142ych i r\u00f3\u017cowych r\u00f3\u017c, bordowych go\u017adzik\u00f3w i hortensji. R\u00f3\u017cowe owoce dziurawca i szara ziele\u0144 li\u015bci dodaj\u0105 lekko\u015bci i naturalno\u015bci.<\/p>\n","protected":false},"featured_media":7982,"template":"","meta":{"_kad_blocks_custom_css":"","_kad_blocks_head_custom_js":"","_kad_blocks_body_custom_js":"","_kad_blocks_footer_custom_js":""},"product_brand":[],"product_cat":[43],"product_tag":[38,99,80],"class_list":{"0":"post-7981","1":"product","2":"type-product","3":"status-publish","4":"has-post-thumbnail","6":"product_cat-wielokwiatowe","7":"product_tag-premium","8":"product_tag-rocznica-slubu","9":"product_tag-slub","11":"first","12":"instock","13":"shipping-taxable","14":"purchasable","15":"product-type-simple"},"taxonomy_info":{"product_cat":[{"value":43,"label":"Bukiety wielokwiatowe"}],"product_tag":[{"value":38,"label":"Premium"},{"value":99,"label":"Rocznica \u015alubu"},{"value":80,"label":"\u015alub"}]},"featured_image_src_large":["https:\/\/kwiaciarniaklara.pl\/wp-content\/uploads\/2025\/02\/bukiet-slub-04-01-1024x1024.webp",1024,1024,true],"author_info":[],"comment_info":"","_links":{"self":[{"href":"https:\/\/kwiaciarniaklara.pl\/index.php\/wp-json\/wp\/v2\/product\/7981","targetHints":{"allow":["GET"]}}],"collection":[{"href":"https:\/\/kwiaciarniaklara.pl\/index.php\/wp-json\/wp\/v2\/product"}],"about":[{"href":"https:\/\/kwiaciarniaklara.pl\/index.php\/wp-json\/wp\/v2\/types\/product"}],"wp:featuredmedia":[{"embeddable":true,"href":"https:\/\/kwiaciarniaklara.pl\/index.php\/wp-json\/wp\/v2\/media\/7982"}],"wp:attachment":[{"href":"https:\/\/kwiaciarniaklara.pl\/index.php\/wp-json\/wp\/v2\/media?parent=7981"}],"wp:term":[{"taxonomy":"product_brand","embeddable":true,"href":"https:\/\/kwiaciarniaklara.pl\/index.php\/wp-json\/wp\/v2\/product_brand?post=7981"},{"taxonomy":"product_cat","embeddable":true,"href":"https:\/\/kwiaciarniaklara.pl\/index.php\/wp-json\/wp\/v2\/product_cat?post=7981"},{"taxonomy":"product_tag","embeddable":true,"href":"https:\/\/kwiaciarniaklara.pl\/index.php\/wp-json\/wp\/v2\/product_tag?post=7981"}],"curies":[{"name":"wp","href":"https:\/\/api.w.org\/{rel}","templated":true}]}}

<section class="wp-block-group jcws-product-desc-section has-global-padding is-layout-constrained wp-block-group-is-layout-constrained">
<div class="wp-block-group jcws-product-desc-section-inner has-global-padding is-layout-constrained wp-container-core-group-is-layout-481dc8fc wp-block-group-is-layout-constrained" style="margin-top:0;margin-bottom:0;padding-top:0;padding-right:0;padding-bottom:0;padding-left:0">
<div class="wp-block-columns is-layout-flex wp-container-core-columns-is-layout-2000334d wp-block-columns-is-layout-flex" style="padding-top:0;padding-right:0;padding-bottom:0;padding-left:0">
<div class="wp-block-column is-layout-flow wp-block-column-is-layout-flow" style="flex-basis:15%"></div>



<div class="wp-block-column is-layout-flow wp-block-column-is-layout-flow" style="flex-basis:70%">
<h1 class="wp-block-heading has-text-align-center" style="margin-top:0;margin-right:0;margin-left:0">Bukiet &#8222;Urok i elegancja&#8221;</h1>



<p style="margin-top:0;margin-right:0;margin-bottom:0;margin-left:0">Oryginalna, elegancka kompozycja z białych i różowych róż, przełamania ciemnym bordowym kolorem goździków i pąków bordowych róż, wzbogacona kremowymi kwiatami hortensji. Różowe owoce dziurawca, szara zieleń użytych w bukiecie liści i traw nadaje mu lekkości i naturalności.</p>
</div>



<div class="wp-block-column is-layout-flow wp-block-column-is-layout-flow" style="flex-basis:15%"></div>
</div>
</div>
</section>

<p>Elegancka kompozycja z białych i różowych róż, bordowych goździków i hortensji. Różowe owoce dziurawca i szara zieleń liści dodają lekkości i naturalności.</p>

Rocznica Ślubu

Ślub
