{"id":7151,"date":"2024-12-09T15:29:13","date_gmt":"2024-12-09T15:29:13","guid":{"rendered":"https:\/\/kwiaciarniaklara.pl\/index.php\/produkt\/sweater\/"},"modified":"2025-03-21T10:48:43","modified_gmt":"2025-03-21T10:48:43","slug":"bukiet-jak-na-obrazie","status":"publish","type":"product","link":"https:\/\/kwiaciarniaklara.pl\/index.php\/produkt\/bukiet-jak-na-obrazie\/","title":{"rendered":"Bukiet &#8222;Jak na obrazie&#8221;"},"content":{"rendered":"\n<section class=\"wp-block-group jcws-product-desc-section has-global-padding is-layout-constrained wp-block-group-is-layout-constrained\">\n<div class=\"wp-block-group jcws-product-desc-section-inner has-global-padding is-layout-constrained wp-container-core-group-is-layout-481dc8fc wp-block-group-is-layout-constrained\" style=\"margin-top:0;margin-bottom:0;padding-top:0;padding-right:0;padding-bottom:0;padding-left:0\">\n<div class=\"wp-block-columns is-layout-flex wp-container-core-columns-is-layout-2000334d wp-block-columns-is-layout-flex\" style=\"padding-top:0;padding-right:0;padding-bottom:0;padding-left:0\">\n<div class=\"wp-block-column is-layout-flow wp-block-column-is-layout-flow\" style=\"flex-basis:15%\"><\/div>\n\n\n\n<div class=\"wp-block-column is-layout-flow wp-block-column-is-layout-flow\" style=\"flex-basis:70%\">\n<h1 class=\"wp-block-heading has-text-align-center\" style=\"margin-top:0;margin-right:0;margin-left:0\">Bukiet &#8222;Jak na obrazie&#8221;<\/h1>\n\n\n\n<p style=\"margin-top:0;margin-right:0;margin-bottom:0;margin-left:0\">Pi\u0119kna, okr\u0105g\u0142a kompozycja jak wyj\u0119\u0142a z obraz\u00f3w holenderskich mistrz\u00f3w p\u0119dzla. To pi\u0119kny, spokojny w wyrazie bukiet w stonowanym kolorze delikatnych kremowych r\u00f3\u017c, liniowych piwonii i zgaszonej zieleni li\u015bci. \u0141odygi kwiat\u00f3w otula szeroka, bia\u0142a wst\u0105\u017cka spi\u0119ta bia\u0142ymi<\/p>\n<\/div>\n\n\n\n<div class=\"wp-block-column is-layout-flow wp-block-column-is-layout-flow\" style=\"flex-basis:15%\"><\/div>\n<\/div>\n<\/div>\n<\/section>\n","protected":false},"excerpt":{"rendered":"<p>Okr\u0105g\u0142a kompozycja inspirowana obrazami holenderskich mistrz\u00f3w. Bukiet w delikatnych kremowych r\u00f3\u017cach, liniowych piwoniach i zgaszonej zieleni li\u015bci otulony bia\u0142\u0105 wst\u0105\u017ck\u0105 z pere\u0142kami.<\/p>\n","protected":false},"featured_media":7968,"template":"","meta":{"_kad_blocks_custom_css":"","_kad_blocks_head_custom_js":"","_kad_blocks_body_custom_js":"","_kad_blocks_footer_custom_js":""},"product_brand":[],"product_cat":[43],"product_tag":[117,99,80,34],"class_list":{"0":"post-7151","1":"product","2":"type-product","3":"status-publish","4":"has-post-thumbnail","6":"product_cat-wielokwiatowe","7":"product_tag-lato","8":"product_tag-rocznica-slubu","9":"product_tag-slub","10":"product_tag-wiosna","12":"first","13":"instock","14":"shipping-taxable","15":"purchasable","16":"product-type-simple"},"taxonomy_info":{"product_cat":[{"value":43,"label":"Bukiety wielokwiatowe"}],"product_tag":[{"value":117,"label":"Lato"},{"value":99,"label":"Rocznica \u015alubu"},{"value":80,"label":"\u015alub"},{"value":34,"label":"Wiosna"}]},"featured_image_src_large":["https:\/\/kwiaciarniaklara.pl\/wp-content\/uploads\/2018\/05\/bukiet-slub-02-01-1024x1024.webp",1024,1024,true],"author_info":[],"comment_info":"","_links":{"self":[{"href":"https:\/\/kwiaciarniaklara.pl\/index.php\/wp-json\/wp\/v2\/product\/7151","targetHints":{"allow":["GET"]}}],"collection":[{"href":"https:\/\/kwiaciarniaklara.pl\/index.php\/wp-json\/wp\/v2\/product"}],"about":[{"href":"https:\/\/kwiaciarniaklara.pl\/index.php\/wp-json\/wp\/v2\/types\/product"}],"wp:featuredmedia":[{"embeddable":true,"href":"https:\/\/kwiaciarniaklara.pl\/index.php\/wp-json\/wp\/v2\/media\/7968"}],"wp:attachment":[{"href":"https:\/\/kwiaciarniaklara.pl\/index.php\/wp-json\/wp\/v2\/media?parent=7151"}],"wp:term":[{"taxonomy":"product_brand","embeddable":true,"href":"https:\/\/kwiaciarniaklara.pl\/index.php\/wp-json\/wp\/v2\/product_brand?post=7151"},{"taxonomy":"product_cat","embeddable":true,"href":"https:\/\/kwiaciarniaklara.pl\/index.php\/wp-json\/wp\/v2\/product_cat?post=7151"},{"taxonomy":"product_tag","embeddable":true,"href":"https:\/\/kwiaciarniaklara.pl\/index.php\/wp-json\/wp\/v2\/product_tag?post=7151"}],"curies":[{"name":"wp","href":"https:\/\/api.w.org\/{rel}","templated":true}]}}

<section class="wp-block-group jcws-product-desc-section has-global-padding is-layout-constrained wp-block-group-is-layout-constrained">
<div class="wp-block-group jcws-product-desc-section-inner has-global-padding is-layout-constrained wp-container-core-group-is-layout-481dc8fc wp-block-group-is-layout-constrained" style="margin-top:0;margin-bottom:0;padding-top:0;padding-right:0;padding-bottom:0;padding-left:0">
<div class="wp-block-columns is-layout-flex wp-container-core-columns-is-layout-2000334d wp-block-columns-is-layout-flex" style="padding-top:0;padding-right:0;padding-bottom:0;padding-left:0">
<div class="wp-block-column is-layout-flow wp-block-column-is-layout-flow" style="flex-basis:15%"></div>



<div class="wp-block-column is-layout-flow wp-block-column-is-layout-flow" style="flex-basis:70%">
<h1 class="wp-block-heading has-text-align-center" style="margin-top:0;margin-right:0;margin-left:0">Bukiet &#8222;Jak na obrazie&#8221;</h1>



<p style="margin-top:0;margin-right:0;margin-bottom:0;margin-left:0">Piękna, okrągła kompozycja jak wyjęła z obrazów holenderskich mistrzów pędzla. To piękny, spokojny w wyrazie bukiet w stonowanym kolorze delikatnych kremowych róż, liniowych piwonii i zgaszonej zieleni liści. Łodygi kwiatów otula szeroka, biała wstążka spięta białymi</p>
</div>



<div class="wp-block-column is-layout-flow wp-block-column-is-layout-flow" style="flex-basis:15%"></div>
</div>
</div>
</section>

<p>Okrągła kompozycja inspirowana obrazami holenderskich mistrzów. Bukiet w delikatnych kremowych różach, liniowych piwoniach i zgaszonej zieleni liści otulony białą wstążką z perełkami.</p>

Rocznica Ślubu

Ślub
